 number?
False
Is 179185 a prime number?
False
Is 2468719 a prime number?
False
Is 2117 composite?
True
Is 138863 a composite number?
False
Is 146051 prime?
True
Is 25229 a composite number?
False
Is 173473 a composite number?
False
Is 179261 composite?
False
Is 212969 a composite number?
False
Is 253531 a composite number?
False
Is 4421 composite?
False
Is 250117 prime?
False
Is 177286 a composite number?
True
Is 13033 a prime number?
True
Is 318523 prime?
True
Is 1743143 composite?
False
Is 294917 a prime number?
False
Is 40805 a prime number?
False
Is 11113 composite?
False
Is 76574 a prime number?
False
Is 1238507 prime?
False
Is 13841 a prime number?
True
Is 221461 a prime number?
True
Is 27767 a prime number?
True
Is 211402 a prime number?
False
Is 13957 composite?
True
Is 34981 prime?
True
Is 689827 composite?
False
Is 10559 a prime number?
True
Is 6686 prime?
False
Is 111651 a prime number?
False
Is 2909 a composite number?
False
Is 899447 composite?
False
Is 1277 composite?
False
Is 812519 composite?
False
Is 396403 a prime number?
False
Is 4499 a composite number?
True
Is 25339 a prime number?
True
Is 1417421 a composite number?
True
Is 5911 composite?
True
Is 1940423 composite?
False
Is 434677 a composite number?
True
Is 345131 a prime number?
False
Is 180917 a composite number?
True
Is 3943 composite?
False
Is 221159 composite?
False
Is 162731 a composite number?
False
Is 112687 a prime number?
True
Is 62207 composite?
False
Is 394861 a prime number?
True
Is 293737 composite?
True
Is 1536839 a composite number?
False
Is 31469 a composite number?
False
Is 200137 composite?
True
Is 1289711 composite?
False
Is 559661 prime?
False
Is 71741 a composite number?
False
Is 112973 composite?
True
Is 268031 a composite number?
True
Is 9151 a composite number?
False
Is 274403 a composite number?
False
Is 1612583 a composite number?
True
Is 335771 a prime number?
True
Is 462589 a composite number?
False
Is 6769 a prime number?
False
Is 12239 a prime number?
True
Is 3265 a composite number?
True
Is 418069 prime?
True
Is 3271 a composite number?
False
Is 67927 prime?
True
Is 1518629 a composite number?
True
Is 2411 composite?
False
Is 49193 composite?
False
Is 15959 prime?
True
Is 3861811 composite?
False
Is 9841 a composite number?
True
Is 10061 prime?
True
Is 98347 composite?
False
Is 5923 a prime number?
True
Is 450451 composite?
False
Is 20993 a composite number?
True
Is 9511 composite?
False
Is 103561 composite?
False
Is 399961 prime?
False
Is 113461 a prime number?
False
Is 1637 prime?
True
Is 216719 prime?
True
Is 2777 composite?
False
Is 11251 composite?
False
Is 103 a composite number?
False
Is 51631 a prime number?
True
Is 1073 composite?
True
Is 216617 a prime number?
True
Is 6349 composite?
True
Is 1011 composite?
True
Is 566347 a composite number?
False
Is 753 a composite number?
True
Is 337 prime?
True
Is 474589 a prime number?
False
Is 24011 a composite number?
True
Is 3199 a prime number?
False
Is 2804089 a composite number?
True
Is 19403 composite?
False
Is 624917 a prime number?
True
Is 278087 prime?
True
Is 4397 composite?
False
Is 118835 a prime number?
False
Is 90203 a prime number?
True
Is 591341 a composite number?
False
Is 1202771 a prime number?
True
Is 89315 composite?
True
Is 98251 prime?
True
Is 20287 a composite number?
False
Is 4417 composite?
True
Is 75443 prime?
False
Is 78415 a composite number?
True
Is 49673 prime?
False
Is 213127 composite?
True
Is 12739 composite?
False
Is 2241521 a composite number?
False
Is 3394 a composite number?
True
Is 206593 a composite number?
False
Is 47597 a composite number?
True
Is 2012557 a composite number?
True
Is 3389 a composite number?
False
Is 1499 a composite number?
False
Is 69821 prime?
True
Is 143 a composite number?
True
Is 980371 a composite number?
True
Is 635 a prime number?
False
Is 122 a prime number?
False
Is 3251 prime?
True
Is 16873 composite?
True
Is 1774711 a composite number?
True
Is 205817 a prime number?
True
Is 17669 composite?
False
Is 2171 a composite number?
True
Is 926767 composite?
False
Is 40781 a composite number?
True
Is 199046 composite?
True
Is 979 prime?
False
Is 306303 a prime number?
False
Is 77547 a composite number?
True
Is 21647 a prime number?
True
Is 357229 a prime number?
True
Is 175817 a composite number?
True
Is 5981 composite?
False
Is 30047 a prime number?
True
Is 163817 prime?
False
Is 55009 composite?
False
Is 72989 a prime number?
False
Is 920401 prime?
False
Is 39019 composite?
False
Is 59005 a composite number?
True
Is 61817 composite?
True
Is 760789 prime?
False
Is 2030278 a prime number?
False
Is 185 prime?
False
Is 89753 a prime number?
True
Is 80851 prime?
False
Is 4201 a prime number?
True
Is 752159 prime?
False
Is 3120361 a composite number?
True
Is 3073 composite?
True
Is 9111 a prime number?
False
Is 195253 composite?
False
Is 7679 composite?
True
Is 77069 prime?
True
Is 31631 a composite number?
True
Is 289273 a composite number?
False
Is 489134 composite?
True
Is 763727 a prime number?
False
Is 6711 prime?
False
Is 184051 prime?
False
Is 17971 composite?
False
Is 20386 prime?
False
Is 12367 composite?
True
Is 30241 a prime number?
True
Is 28673 prime?
False
Is 41893 a composite number?
False
Is 6139 prime?
False
Is 75011 a composite number?
False
Is 6901 a composite number?
True
Is 69841 a prime number?
False
Is 300397 a prime number?
True
Is 10547 a prime number?
False
Is 418963 a composite number?
True
Is 39253 a composite number?
True
Is 7291 a prime number?
False
Is 1568363 composite?
True
Is 37166 composite?
True
Is 19841 a prime number?
True
Is 14321 composite?
False
Is 2605 composite?
True
Is 405947 a prime number?
True
Is 97067 prime?
False
Is 130081 a prime number?
False
Is 35719 composite?
True
Is 8269 prime?
True
Is 217697 a prime number?
True
Is 18492803 prime?
False
Is 7367 a prime number?
False
Is 172999 a composite number?
False
Is 2218 prime?
False
Is 26539 composite?
False
Is 9091 composite?
False
Is 7621 a composite number?
False
Is 460049 a prime number?
False
Is 483361 prime?
False
Is 5447 a composite number?
True
Is 7991 a prime number?
False
Is 284923 a composite number?
True
Is 46745 a composite number?
True
Is 1751318 composite?
True
Is 18859 a composite number?
False
Is 60077 composite?
False
Is 97829 composite?
False
Is 1706 composite?
True
Is 20014 a prime number?
False
Is 757337 a prime number?
False
Is 34421 composite?
False
Is 228983 a composite number?
False
Is 198389 composite?
True
Is 27323 a prime number?
False
Is 71 a prime number?
True
Is 267783 composite?
True
Is 504983 a prime number?
True
Is 110089 a prime number?
False
Is 18481 a composite number?
False
Is 21635 a composite number?
True
Is 66329 a composite number?
True
Is 562634 a composite number?
True
Is 2497 composite?
True
Is 248306 a prime number?
False
Is 37951 prime?
True
Is 809 composite?
False
Is 557683 prime?
False
Is 87266 composite?
True
Is 11437 a composite number?
False
Is 17557 composite?
True
Is 145391 a prime number?
True
Is 205039 a prime number?
False
Is 9937 a prime number?
False
Is 2203 a prime number?
True
Is 33059 a composite number?
True
Is 97663 a composite number?
True
Is 1537 composite?
True
Is 9229 a prime number?
False
Is 15259 a composite number?
False
Is 33719 a composite number?
True
Is 10237 a composite number?
True
Is 4327 a prime number?
True
Is 184823 a prime number?
True
Is 26997 composite?
True
Is 29297 a prime number?
True
Is 494797 a prime number?
False
Is 123113 a prime number?
True
Is 578777 a composite number?
False
Is 287107 a prime number?
True
Is 1105529 a prime number?
False
Is 4201 prime?
True
Is 11185 a prime number?
False
Is 1038237 a composite number?
True
Is 3671 a prime number?
True
Is 2598151 prime?
True
Is 3203 a prime number?
True
Is 1035982 a prime number?
False
Is 63929 a composite number?
False
Is 90313 prime?
True
Is 19637 composite?
True
Is 535505 prime?
False
Is 6709 a composite number?
False
Is 45601 composite?
True
Is 22171 a prime number?
True
Is 6803 a prime number?
True
Is 250867 a composite number?
False
Is 212651 composite?
False
Is 338683 prime?
True
Is 2459 composite?
False
Is 92899 a prime number?
True
Is 597955 a prime number?
False
Is 709 composite?
Fa